se 5*z + 5 = 5*g + 6*z, 0 = -3*g - 5*z - 19. Calculate u(g).
7
Let l(n) = -n**2 - 7*n + 7. Suppose -120 = 23*y + 41. Calculate l(y).
7
Let y(g) = g**3 - 12*g**2 + g - 10. Let v be y(12). Let a(b) = -1 + b**v - 2*b + b**3 - 1 + 3. Let w(x) = -x**2 - 2*x + 1. Let l be w(1). What is a(l)?
1
Let i(n) = -3765*n**2 - 4*n + 3770*n**2 - n**3 - 2*n. Let r(p) = p - 3. Let h be r(7). Give i(h).
-8
Let b = -5 + -2. Let f(q) = -q - 15. What is f(b)?
-8
Let i(j) = j**3 - 2*j + 1. Let d(z) = -2*z**3 + 2*z - 1. Let k be 10/(-4) - (-1)/(-2). Let m(w) = k*d(w) - 2*i(w). Let q = 0 + 1. Calculate m(q).
3
Let u(z) be the third derivative of 5*z**2 - 1/120*z**6 + 0*z**4 + 0 + 0*z - 1/15*z**5 + 1/3*z**3. Calculate u(-3).
-7
Let w(n) = 4*n**2 - 14*n - 4. Let z(i) = i**2 - i. Let k(d) = -w(d) + 5*z(d). Determine k(-6).
-14
Let p(v) be the third derivative of 0*v - 1/24*v**4 + 1/6*v**3 - 1/120*v**5 + 0 + 2*v**2. Let n(c) be the first derivative of p(c). Calculate n(5).
-6
Let d(y) = -y + 2. Let f(o) = o + 11. Let r be f(-8). Suppose r*c - 4*i = 37, -c + 0*c + 23 = 4*i. Suppose -3*l + 10 = l - 2*n, -5*l + c = -3*n. Calculate d(l).
2
Let o(c) be the first derivative of c**3/6 - 2*c**2 - c + 1. Let b(w) be the first derivative of o(w). Let a be (-1)/(-4) - (-91)/(-28). Calculate b(a).
-7
Suppose -t - 20 = -r - 5*t, 5*r + t - 5 = 0. Let h(m) = -m + 0*m - 1 + 1 + 2. Calculate h(r).
2
Suppose 6*s + 5 = 17. Let h(c) = 2 - s + 3*c + 2 + c**2. Let z be -5 - 1 - 2*-1. Calculate h(z).
6
Let q = 149 - 155. Let l(z) = 2 - 1 + 2*z + 2. Determine l(q).
-9
Let b(c) = c. Let p(m) = m**3 - 7*m**2 - 19*m + 12. Let n be p(9). Calculate b(n).
3
Let q be 2/(-5) - (-12)/30. Let m(u) be the third derivative of 1/12*u**5 + q*u**4 - 1/2*u**3 + 0*u + 2*u**2 + 1/120*u**6 + 0. Calculate m(-5).
-3
Let b(u) = u**2 - 3*u - 3. Let a = 13 + -16. What is b(a)?
15
Suppose 0*p = 3*p - 9. Let d(l) = -l - p*l - 2*l - 9. Let z(x) = 5*x + 8. Let k(j) = 4*d(j) + 5*z(j). Calculate k(-4).
0
Let r = 246 - 245. Let w(d) be the third derivative of d**2 + 0 + 0*d**3 + 0*d - 5/24*d**4. What is w(r)?
-5
Let g(x) = x - 6. Let f be g(3). Let t(q) = q - 4. Give t(f).
-7
Let m(i) = -8*i**2 + 10*i**2 - 8*i**3 - 3*i**2 + 3*i**2 - 1. Let a be 4/6*(-6)/4. Calculate m(a).
9
Let o(z) be the third derivative of -z**5/60 - z**4/8 + 2*z**2. Let f(d) = d**2 + 3*d - 1. Let m(p) = -3*f(p) - 2*o(p). Determine m(-5).
-7
Let o be (-11)/(-5) + (-2)/10. Suppose 4 = o*p - p. Let x(n) = 4*n**2 - 4*n**2 + 1 + p*n - n**2. What is x(3)?
4
Suppose l - 8*l + 14 = 0. Let g(o) be the first derivative of -1/2*o**l - 4*o - 4. Calculate g(-2).
-2
Let h(o) be the second derivative of -o**6/120 - o**5/20 - o**4/8 + o**2 + 2*o. Let l(q) be the first derivative of h(q). What is l(-2)?
2
Suppose -6*t + 36 = -18*t. Let j(h) = -h - 1. Calculate j(t).
2
Let n(w) = -2*w**2 + 10*w + 1. Let r(q) = 2*q. Let u(o) = -n(o) + 6*r(o). What is u(1)?
3
Let p(q) be the first derivative of q**3/3 - 2*q**2 + 4*q - 11. Let l = -2 + 4. Suppose v - l = 1. Calculate p(v).
1
Let d(l) = -4*l + 6 + 3*l**2 + l - 4 + 2*l**3 + 4*l. Suppose -3*i - 5*h - 31 = 0, 3*i - 5*h = -12 + 31. Determine d(i).
-4
Let x = -4 - -6. Suppose t - 2*b + 5*b = -11, x*b = t - 4. Let d(o) = o**2 + o - 1. What is d(t)?
1
Let z(l) = l**3 - 3*l**2 - l. Suppose 4*s - 3 = 3*s. Suppose -2*y = -5*o + 6, -s*y + y = -4. Suppose -3*v + g + 12 = 3*g, 4*v = 2*g + o. Determine z(v).
-6
Let i(x) = x**3 + 7*x**2 + 5*x - 7. Let y be i(-6). Let p be (-7)/(-7) - 1*y. Let t(z) = z + 2*z - 2 - 5*z - p. What is t(3)?
-10
Let p(j) = j**3 - 12*j**2 - 14*j + 10. Let t be p(13). Let a(v) = -v**3 - 2*v**2 + 3*v - 3. What is a(t)?
-3
Let d(v) be the third derivative of -v**4/12 - 2*v**3/3 + 10*v**2. What is d(-5)?
6
Suppose 7 = 5*w + 5*d + 2, -10 = 5*d. Let m be (-4)/14 - (-4)/14. Let r(i) = i - 2*i + 4 + m*i. Determine r(w).
1
Let d be 1*(1 + 0) + 2. Let w(p) = -11 + 10 - p**3 + d*p**2 + 4*p + 0*p**2. Give w(3).
11
Let y be 4/(0 + -3 + 2). Let s = -10 + 7. Let c = s - y. Let q(b) = -b + 2. Give q(c).
1
Let j(l) be the second derivative of 0 + 1/2*l**3 + 0*l**2 - 1/12*l**4 + 4*l. Let o = 12 - 8. Calculate j(o).
-4
Let h(q) = q**3 - 6*q**2 - 2*q + 11. Let r = 24 + -20. Let u(g) = -g + 1. Let t(m) = r*u(m) - h(m). Give t(5).
8
Let a be (45/(-12))/(6/(-16)). Suppose 0 = -3*r - q - 0*q + 5, -2*q - a = -4*r. Let u(k) = -2 + 2*k + 0 + k. What is u(r)?
4
Let h(c) be the second derivative of 0*c**3 + 0 + 0*c**2 + 2/5*c**5 + c - 1/12*c**4. Determine h(1).
7
Let w(m) = -m**3 - 4*m**2 + 2*m - 2. Let b(c) = -c**3 + c**2 - c - 1. Let y(a) = -2*b(a) + w(a). Give y(5).
-5
Let m(o) = 21*o. Let j(f) = 11*f. Let q(p) = 11*j(p) - 6*m(p). Calculate q(1).
-5
Let p(i) = i - 1. Suppose -2*z - 18 = -4*n, -2*z + 10 = 3*n - 0*n. Let c be z - (2 - (1 - 1)). Calculate p(c).
-4
Let q(s) = -10*s - 5*s - 2*s + 7 + 15*s. Determine q(5).
-3
Let d(b) = -1 + 36*b - 4*b - 7*b. Determine d(-1).
-26
Suppose -3*a + 2*v - 1 + 12 = 0, 2*v + 8 = 0. Let f(g) = -g - a + 4 + 2 - 3. Give f(3).
-1
Let o(z) = z**3 + 5*z**2 + 4*z + 2. Let g be 0/(-3*(-2)/3). Suppose 5*k + 0*k + 20 = g. Calculate o(k).
2
Let w = -13 - -13. Let a(v) = v**3 - 3*v + 1. Let r be a(2). Let u(x) = x**3 + 4 + 2*x**r - 4*x**3 + x**2. What is u(w)?
4
Let i(a) = -a**3 + 7*a**2 - 7*a + 4. Suppose 0 = -3*r - 5*t + 43, -t = -5*r + 4*r + 1. Determine i(r).
-2
Suppose -t = 3*q - 0 + 5, q = -3*t - 15. Suppose 5*j - 3*m - 19 = 0, -2*j = -m - 6 - 1. Let o(n) = 2 - n**3 - 2*n**j - 3*n**2 + 0 + 4. What is o(t)?
6
Let s(j) = -j**2 - j + 1. Let d(p) = 3*p**2 - 3. Let a(o) = d(o) + 4*s(o). Calculate a(-5).
-4
Let c(s) be the first derivative of -2 - 7/3*s**3 + 1/4*s**4 + 3*s + 5/2*s**2. Determine c(6).
-3
Let i(h) be the third derivative of h**5/60 - 3*h**4/8 + 4*h**3/3 - 28*h**2 - 1. What is i(6)?
-10
Suppose -4*q = 3*c - 10, 4*c = -2*q - q + 4. Let x(a) = 2*a - 2. Determine x(q).
6
Let x = 7 + -12. Let c(t) = -t**3 - 6*t**2 - 4*t - 6. Calculate c(x).
-11
Let o(c) = -1 + 6*c - 1 - 3 - c**2. Let j = -97 - -103. What is o(j)?
-5
Let l(f) be the third derivative of f**8/2016 + f**6/720 + f**5/12 - 4*f**2. Let a(r) be the third derivative of l(r). What is a(-1)?
11
Suppose -x = -4, -3*v + v + 2 = -2*x. Let r(i) = i**2 - 3*i - 5. What is r(v)?
5
Let n(x) = 3*x + 4. Let h(u) = 3*u + 5. Let m(f) = 6*h(f) - 7*n(f). Determine m(-4).
14
Let n(k) = -k**3 - 5*k**2 - 4*k + 3. Let d = 13 + -8. Let y = d - 9. Determine n(y).
3
Let t(x) = -23*x - 1. Let w(i) = -4*i. Let h(s) = 6*t(s) - 34*w(s). Suppose -3*l - 6 = 9. Calculate h(l).
4
Suppose -2*c = -c. Let w(z) = -z + 2. Let v be w(c). Suppose v*t - 4*t + 10 = 0. Let h(x) = x**2 - 5*x + 3. Calculate h(t).
3
Suppose -8 = -2*k - g, k + 10 = -2*k + 4*g. Let v(i) = -1 + 3 - 3*i + 0 + i**2. Calculate v(k).
0
Let x = 9 - 11. Let v(j) = -3*j + 1. What is v(x)?
7
Let i be (-3)/(6/(-16)*-2). Let d(w) be the second derivative of w**5/20 + w**4/4 - w**3/2 - w**2 - 3*w. Give d(i).
-6
Let g(u) = u + 2. Let t(y) = 6*y + 11. Let d(k) = 11*g(k) - 2*t(k). Let z(j) = -2*j + 3. Let x(v) = -d(v) + z(v). Let b = 3 - 3. Give x(b).
3
Suppose 3 = 2*u - 9. Let v be (-22)/u - 6/18. Let q(d) = -2*d - 3. Give q(v).
5
Let x(r) = r**2 + 6*r + 2. Let h = -28 - -23. Calculate x(h).
-3
Let f(m) = -6*m**3 - 10*m**2 - 10*m - 7. Let g(t) = 7*t**3 + 10*t**2 + 10*t + 7. Let c(z) = -6*f(z) - 5*g(z). Determine c(-9).
-2
Suppose 6*l - 4*l + 4 = 0. Let v(z) = z - 6. Let d be v(5). Let p(u) = 4*u - 3. Let i(o) = o - 1. Let r(t) = d*p(t) + 2*i(t). What is r(l)?
5
Let l(r) = 2*r**3 + r**2 - r + 4. Let k be l(0). Let f(q) be the third derivative of -q**6/120 + q**5/12 - q**4/12 - 2*q**3/3 - q**2. Calculate f(k).
4
Let n(x) = x. Suppose k = -0*k + 3, 3*k - 18 = 3*b. Let t(c) = c**2 - 3*c + 2. Let m be t(2). Let o be m*b/(-9) - 0. Calculate n(o).
0
Let g be 2/3*(-135)/(-30). Let o(v) be the third derivative of 0 + 0*v - 1/12*v**4 + 0*v**g + 2*v**2. Determine o(3).
-6
Let u(k) = -2*k - 6. Let o be u(-6). Let a(w) = -2*w + 9. Calculate a(o).
-3
Let s(u) = -u**2 - 6*u - 3. Suppose -5*x = -x - 12. Suppose -2*a + 7 = -o + x, 4*a - 14 = -o. Suppose -a - 3 = l. Give s(l).
-3
Let k(q) = -2*q - 1. Let u be k(1). Let o be (0 + 1/(-3))*-6. Let m(j) = 3*j**o + 0 - 4 + 0 - j**3 - 5*j**2. Determine m(u).
5
Let y be 2 + -1 - 3 - 3. Let o(j